uppose -9*d + p + 23 = 0. What is the greatest common divisor of 1 and d?
1
Let m(c) = -162*c**3 + 11*c**2 - 8*c + 8. Let v be m(-4). What is the greatest common divisor of v and 252?
252
Suppose -26*a - 661 = -7005. What is the greatest common divisor of 4 and a?
4
Let l = -23 + 34. Let k(c) = -c**2 + 11*c - 9. Let w be k(l). Let y(r) = -r**3 - 9*r**2 - r - 3. Let x be y(w). Calculate the highest common factor of 6 and x.
6
Let d be (-3*1)/(15/(-20)). Suppose d*l = 138 + 102. Let a = 32430 + -32390. What is the highest common factor of a and l?
20
Let n be 14434/8 - 1 - -26*(-49)/5096. Calculate the greatest common divisor of n and 3.
3
Let q(n) = 306*n**2 - 8*n + 68. Let v be q(5). Calculate the greatest common divisor of v and 22.
22
Suppose -29*p = -145 + 87. What is the highest common factor of 958 and p?
2
Let y = 15912 + -15893. Suppose 5*v = -7 + 102. Calculate the greatest common divisor of v and y.
19
Let j(z) be the second derivative of z**4/6 - 19*z**3/6 - 17*z**2/2 - z + 10. Let o be j(12). What is the greatest common divisor of o and 43?
43
Let w be 1156/(-102) + 4/(-6). Suppose -5*u - 24 + 89 = 0. Let s = u + w. Calculate the highest common divisor of 3 and s.
1
Let n = 3458 - 3441. Calculate the highest common factor of n and 697.
17
Suppose -96*n - d = -99*n + 764, 5*d = 5. Calculate the greatest common factor of n and 480.
15
Let q(z) = -z**2 - 69*z - 1132. Let i be q(-41). Calculate the greatest common divisor of i and 34.
2
Let l = 240 - 212. Let i = -97 - -117. Calculate the highest common factor of l and i.
4
Let s be 157*(13 - -1) + -3. What is the greatest common divisor of 20 and s?
5
Suppose 0 = -12*k + 9 + 99. Let h be (57/k + -5)*(-15)/(-2). Let b(q) = -q**3 + 2. Let j be b(-2). Calculate the greatest common divisor of j and h.
10
Suppose -28*l + 1082 = -1858. Calculate the greatest common factor of l and 1113.
21
Let x(s) = 17*s - 117. Let y be x(11). Let m = -394 - -443. What is the highest common divisor of y and m?
7
Let d = -70 - -55. Let q be (16/(-10))/(6/d). Suppose -5*u = -3*u + 5*h - 45, q*h = 4. Calculate the highest common divisor of 260 and u.
20
Suppose 0*i = 2*i - 10. Suppose 4*l - i*g - 176 = 0, 0*g - 16 = -4*g. Suppose 3*n + 4*n - l = 0. Calculate the greatest common divisor of 56 and n.
7
Suppose 0 = -4*v - 3*j + 291 + 110, -v = -4*j - 105. Let x = -98 + v. Let p be 305 - x*4/(-12). What is the greatest common factor of p and 34?
34
Suppose 7*k = -7 + 119. Let b = k - 14. Suppose 0 = -y - b + 19. Calculate the highest common divisor of y and 17.
17
Suppose -4*u + 8*u - 4725 = -11*u. What is the greatest common factor of u and 75?
15
Let b be 5/(-4)*4 + (209 - 1 - -1). What is the greatest common factor of 153 and b?
51
Let s = 296 + -245. Suppose 0 = 4*c + 16, -4*r - 3*c + 199 - s = 0. What is the highest common factor of r and 180?
20
Let z(s) = s**3 + 15*s**2 - 661*s - 6538. Let k be z(-10). Calculate the highest common divisor of 13871 and k.
143
Suppose -1452*o + 1437*o = -675. Calculate the highest common factor of 4815 and o.
45
Let x(n) = n**2 - 13*n - 3. Let m be x(6). Let q(d) = -d - 28. Let y be q(28). Let v = m - y. Calculate the greatest common divisor of v and 143.
11
Let v(f) = -f**2 + 7*f + 38. Let m be v(-11). Let u be -3*(3 + m/15 - -4). What is the highest common divisor of u and 99?
11
Let c(g) = -144*g**3 - 5*g**2 + 10*g + 32. Let d be c(-2). What is the highest common divisor of 312 and d?
104
Let f = -1702 + 1708. Let m(g) = -54*g**3. Let y be m(-1). Calculate the highest common factor of y and f.
6
Suppose 50*s - 27 - 347 = 28*s. What is the highest common divisor of 1802 and s?
17
Let f(s) be the first derivative of s**3/3 - s**2 + 51*s + 170. Let m be f(16). What is the highest common divisor of 75 and m?
25
Let r(s) = -178*s + 6261. Let o be r(35). Suppose 3*q - 2*w - 611 = 1257, -5*q + 3*w = -3112. Calculate the highest common divisor of o and q.
31
Suppose 7*q + 1247 = -4*q + 1313. Calculate the highest common factor of 802 and q.
2
Let w = 2561 + -1802. Suppose 5*p + 15 = 0, w = -2*s - 4*p + 2219. What is the highest common divisor of s and 46?
46
Let i(u) = 13*u + 13. Let a be i(-6). Let y = a - -155. Let z = 62 + -52. Calculate the highest common divisor of y and z.
10
Let g(a) = 26*a - 264. Let q be g(11). Calculate the highest common factor of q and 2057.
11
Let q = 308 + -162. Let t = q - 106. Calculate the greatest common factor of t and 140.
20
Let d = -160 + 108. Let t be (d - -50)/((-1)/34). What is the highest common factor of t and 51?
17
Let h be 246/9 - (-2)/(-6). Let g be -4*(-2 - 51/(-12))/(-1). Suppose 45 = g*q - h. What is the highest common factor of q and 64?
8
Suppose -3*q = 4*u - 7, 4*q - 5*q - 1 = -2*u. What is the highest common divisor of q and 997?
1
Suppose -87*y + 316*y = -297*y + 25248. What is the highest common divisor of 1884 and y?
12
Let d = 186 + -184. Suppose -t = d*x - 0*x - 41, x - 16 = t. What is the greatest common divisor of x and 76?
19
Let f(v) = v**3 + 15*v**2 + 46*v. Let m be f(-6). What is the greatest common factor of m and 876?
12
Let f = -1021 + 1161. Let q = 39 + -19. Calculate the highest common divisor of q and f.
20
Suppose -3*q - q - 785 = 5*a, -25 = -5*q. Let p = a + 244. Suppose -11 + p = 8*o. Calculate the highest common factor of o and 81.
9
Let h(g) = 19*g - 287. Let w be h(16). Calculate the highest common factor of w and 17.
17
Let x(q) = 2046*q + 576. Let h be x(6). What is the highest common factor of h and 56?
28
Let t(n) be the second derivative of 9*n**3/2 - 171*n**2/2 - 17*n - 3. Let d be t(7). What is the highest common divisor of d and 666?
18
Suppose -23 = -5*l + 2*h, -6 + 0 = -l - h. Suppose -37 = -l*w + 558. What is the greatest common factor of 7 and w?
7
Let v = 17924 + -12349. What is the highest common divisor of v and 25?
25
Let m be ((-242)/22)/((0 - -1)/3). Let f be 2/8 - (-8)/((-96)/m). Suppose f*w + 29 = 119. Calculate the greatest common divisor of w and 10.
10
Let o be (2/(-2 - 0))/(((-132)/1034)/6). What is the highest common divisor of 1457 and o?
47
Suppose -2*i - 4*a - 348 = -5*i, 5*a - 116 = -i. Let r be ((-12)/(-30))/((-7)/(-3045)). What is the highest common divisor of r and i?
58
Suppose 77973 = 30*i - 57267. Calculate the highest common divisor of i and 147.
49
Suppose 281 + 2579 = 65*w. Suppose 3*m = -m + 176. What is the greatest common divisor of w and m?
44
Suppose 2*o + q = 2482, 0*o - 5*o + 5*q + 6205 = 0. Let x be 454/3178*((-3)/1 + 514). What is the greatest common factor of x and o?
73
Let j = -3391 - -3891. Calculate the highest common factor of j and 6.
2
Suppose 30*p - 642 - 1447 = 4661. What is the highest common divisor of 465 and p?
15
Let r(t) = -t**2 - 5*t + 1. Let p be r(-5). Suppose -z = -2 - p. Let v = 316 - 313. What is the highest common factor of z and v?
3
Let h(z) = 5*z**2 - 9*z + 6. Let i be h(4). Let v = i + -48. Let n be -3 - -3*114/v. What is the highest common factor of n and 21?
21
Let i(n) = n**3 + 5*n**2 - 7*n - 11. Let p be i(-7). Let c be (-10)/p + (-130)/(-12). What is the greatest common divisor of 187 and c?
11
Let c = 136 + -91. Suppose -4*k = -p - 101, c = 2*k - 5*p - 10. Suppose 7*b - 31 = k. What is the greatest common factor of 24 and b?
8
Let k(n) be the third derivative of -41*n**4 - 2*n**3 + 2*n**2 - 97. Let b be k(-1). What is the greatest common divisor of b and 12?
12
Suppose -3 = f - i, -2*f - 5*i = -4*i - 9. Suppose 0 = -f*k - m + 18, 5*m + 1 - 14 = k. What is the greatest common divisor of 6 and k?
1
Suppose -2*c - 5*r = -33, c - 5*r - 170 = -4*c. Let b(q) = -q**2 + 17*q + 17. Let a be b(7). Calculate the highest common factor of a and c.
29
Let s = -262 - -268. Suppose s*o + 37*o - 903 = 0. Calculate the highest common factor of 105 and o.
21
Let b = 222 + -243. Let k be 3/b - (20587/(-49) - -4). What is the greatest common divisor of 32 and k?
32
Suppose 16*t + 1368 - 24264 = 0. Calculate the greatest common factor of 371 and t.
53
Suppose -197 = -17*l + 5379. Let i = l + -196. What is the highest common factor of 12 and i?
12
Let k(h) = 1606 - h**2 + 0*h**2 - h**2 - h - 1605 + 0*h. Let l be -3 + 0 + 1 + 2. Let a be k(l). Calculate the highest common divisor of a and 8.
1
Suppose 0 = 3*q + 2*z - 17, -8 = -0*q - 4*q + z. Le